1/2*u**f + 5. What is v(6)?
2
Suppose -7*j + 88 + 73 = 0. Let t = 31 - j. Let c(q) = -q**2 + 9*q + 4. Calculate c(t).
12
Suppose -8*q + 58 = 50. Let z(h) = -6*h**3 - h**2 + 4*h - 2. Calculate z(q).
-5
Let o(c) be the third derivative of c**4/24 + c**3/2 - 301*c**2. Suppose -7 = -2*d - 17. Let l(u) = -u**2 - 6*u - 1. Let f be l(d). Determine o(f).
7
Let y(t) = -3*t**2 + 4*t - 5. Suppose 7 = 9*z + 79. Let v(l) = -9*l**2 + 11*l - 14. Let i(f) = z*y(f) + 3*v(f). Let x = 0 - 2. Calculate i(x).
-16
Let a = 919 + -926. Let g(v) = -v**2 - 8*v - 8. Give g(a).
-1
Let i be (3/9)/((-994)/168 - -6). Let a(k) = k**2 - 12*k + 10. Give a(i).
-22
Let h(a) = -3*a**3 + 32*a**2 - 32*a + 28. Let q(y) = -y**3 + 11*y**2 - 11*y + 9. Let o(l) = -2*h(l) + 7*q(l). Let w be o(12). Let t(k) = k + 2. Calculate t(w).
-3
Let p(t) = -2*t + 2295 + 4*t + 4*t**2 - 2292. Calculate p(-2).
15
Let k(x) = x**3 + 2*x**2 - 6*x - 6. Suppose 21*a - 26*a = 20. Calculate k(a).
-14
Let q(m) = m**3 + 0*m**2 - m - 72 + 2*m**2 + 74. Calculate q(-3).
-4
Let v(m) = m**3 - 10*m**2 + 9*m + 10. Let u be (-3 + 2)/((-6)/30). Suppose 3*y + u*i - 47 = 0, -2*y + 14 = 3*i - 4*i. Give v(y).
10
Let w(h) = h**3 + 5*h**2 + 4*h - 1. Let c be -6 - (-5 + 7 - 5). Determine w(c).
5
Let t(p) = p**2 - 3*p - 3. Let y(i) = 40*i + 48. Let n be y(-1). Determine t(n).
37
Let i(k) be the second derivative of k**4/3 - k**2/2 + 12*k. Suppose 38 = -19*y - 19*y. Give i(y).
3
Let p(o) = 386*o**3 + 0 - 385*o**3 + 5*o**2 - 7*o - 2. Give p(-6).
4
Let x = -1 - -2. Let s = -87 - -106. Let n(y) = 3*y - 15 + 6*y + s - 5. Calculate n(x).
8
Let w(r) = 480*r - 2 + 479*r - 957*r + 1. Let g(a) = a**2 - a + 1. Let p be g(0). Calculate w(p).
1
Suppose q + 4*l = -4, -4*q + 6*q - 3*l = 3. Let f(z) = 3*z + 0*z + 6 - 2*z. What is f(q)?
6
Let q = -2 - -3. Let c be 4/(-6) - q/3. Let i be (-1 - 0 - 1)*c. Let h(r) = -2*r**3 + r**2 + 1. What is h(i)?
-11
Let t(w) = -w + 36. Let y(l) = 2*l + 10. Let q be y(9). Determine t(q).
8
Suppose -170*d = -195*d + 200. Let a(g) = -g**3 + 7*g**2 + 13*g - 32. Give a(d).
8
Let o(b) = -b**2. Let h(t) = -4*t**2 - 8*t - 5. Let m(n) = -n**3 - 20*n**2 - 21*n - 39. Let q be m(-19). Let c(s) = q*h(s) + 3*o(s). What is c(-6)?
-7
Let j(l) = 5*l + 6. Let z(w) = w. Let q(c) = -j(c) + 3*z(c). Suppose 3*h - 5*v = 44, -v = -6*v + 25. Suppose x + 3 = -2*o + o, -x - h = 5*o. Give q(o).
4
Let n(k) = 11*k - 2. Let f(b) = 2*b - 1. Let a(o) = 10*f(o) - 2*n(o). What is a(0)?
-6
Let k(o) = -7*o + 0*o + 2*o - 151 - o**3 + 7*o**2 + 152. Calculate k(6).
7
Suppose 3 - 6 = -z, 0 = 2*r - 3*z + 9. Let f(t) = 98*t**2 - 199*t**2 - 2 + 100*t**2 - 16. Give f(r).
-18
Let v(g) be the first derivative of -9*g**2/2 + 107. Determine v(3).
-27
Let c(v) be the second derivative of -v**3/6 - 8*v**2 - 3*v. Let o(d) = 2*d + 31. Let m = 2 + -7. Let y(j) = m*c(j) - 3*o(j). Determine y(0).
-13
Let a(g) = g**2 + 3. Let h be a(0). Let y(d) be the second derivative of d**3/2 - d**2 + 15*d. Calculate y(h).
7
Let a = 0 + 5. Suppose 20 = -a*p, h = -4*h - 3*p - 37. Let i(u) = u**2 + 3*u - 5. Give i(h).
5
Let v(i) = 2*i**2 + 4*i - 25. Let y(l) = -2*l**2 - 3*l + 24. Let x(o) = 2*v(o) + 3*y(o). Let j(r) be the first derivative of x(r). Determine j(2).
-9
Let d(j) = 3 + 1367*j**2 + 3*j + j**3 - 2*j - 1361*j**2 + 3*j. Determine d(-6).
-21
Let h(k) = -8*k**2 + 18*k + 5. Let p(d) = 2*d**2 - 4*d - 1. Let g(j) = 2*h(j) + 9*p(j). Let o be 7/5 + 6/(-15). Let y = o + -2. Calculate g(y).
3
Let i(r) = -r**2 - 9*r - 11. Suppose 167 = -22*s + 13. Calculate i(s).
3
Let b(l) = l**3 - 9*l**2 + 6*l + 11. Suppose -78*h = -59*h - 152. Determine b(h).
-5
Suppose 32*i = 31*i + 42. Suppose 8*r - r = -i. Let f(h) = -2*h**3 + 3*h**3 - h - 2*h**2 + 8*h**2. Calculate f(r).
6
Let i(w) = -2*w + 1. Let o be ((-8)/10)/(-2 + (-93)/(-45)). Give i(o).
25
Let s(x) = x**2 + 3*x - 3. Let a(q) = -3*q**2 - 5*q + 5. Let r(b) = 2*a(b) + 5*s(b). What is r(4)?
-1
Let n(l) be the first derivative of 2*l**3/3 - 14*l**2 + 2*l - 232. Give n(14).
2
Let h(w) = w**3 + 14*w**2 + 12*w - 9. Let b(j) = -j**2 - 9*j + 57. Let z be b(-14). Determine h(z).
4
Let q(v) = -5*v**3 - 7*v**2 + 7*v + 7. Let i(t) = -8*t**3 - 8*t**2 + 8*t + 8. Let s(k) = 2*i(k) - 3*q(k). What is s(3)?
-2
Let v(t) = 2*t - 8. Suppose -2*g + w + 12 = 0, 0 = -5*g + 2*g - 5*w + 18. Calculate v(g).
4
Let i(y) = 5*y + 1. Let g(m) = -6*m - 3. Let u(q) = 4*g(q) + 5*i(q). Determine u(-5).
-12
Let r(s) be the third derivative of -s**4/24 + 2*s**3/3 + 4*s**2. Let a(i) = i + 8. Let q be a(0). What is r(q)?
-4
Let o be (9/(-3) - -4)/(-9 + 10). Let m(i) = 10*i**2 - 3*i + 2. What is m(o)?
9
Let o(i) = -3*i - 6. Let a(j) be the third derivative of -j**4/24 + 11*j**3/6 - 8*j**2. Let p be a(16). Give o(p).
9
Suppose -2 = -p + 2. Let s(r) = -8*r + p*r - r. Suppose 2*d - 2*o - 10 = 0, 2*d - 7*d - 2*o = -4. Give s(d).
-10
Let f(o) = -o**2 + 7*o. Suppose -4*h + 106 = 5*d, -h - 63 = -3*d - 4*h. Let p = d - 6. Suppose 3*s + 2*a - p = 0, 0*a - 2*a = -5*s + 32. Calculate f(s).
6
Let l(h) = 2*h - 3. Let y(n) = 4*n - 6. Let m(s) = 5*l(s) - 3*y(s). Give m(-3).
9
Let b(k) = -300 + 600 - k - 301 - k**2 + 11*k**3. Give b(-1).
-12
Let j(p) = -p**3 - 10*p**2 - 4*p - 14. Suppose -14*b - 116 - 24 = 0. Determine j(b).
26
Let s(l) = -2*l**2 - 2*l. Let k(z) = 7*z**2 - 12*z - 44. Let p(r) = k(r) + 4*s(r). Give p(-18).
-8
Let l(q) = -q**2 + 3*q - 3. Let k(v) = -26*v**3 + v. Let j(d) = d + 9. Let m be j(-10). Let w be k(m). Let r be 10/w - 13/(-5). Give l(r).
-3
Let z(y) = 20*y**2 - y. Suppose 3*b = -4*x + 23, 5*b + 15 = -4*x + 40. What is z(b)?
19
Let h(o) = o**2 - 7*o + 9. Let x be (56/7)/((-4)/(-2)). Let s be h(x). Let v(f) = f**2 + 2*f - 2. Give v(s).
1
Suppose 10 - 13 = -3*i. Let k(c) = c**2 + 8*c - 7. Let j be k(-9). Let o(v) = -3*v + 5*v - 3*v - 18*v**j. Give o(i).
-19
Suppose 4 = -4*u, 0*w - w - 2*u = -7. Suppose -45 + w = -4*s. Let m(a) = -2*a**2 + s + 4*a**3 + 4*a**2 - 10. What is m(1)?
5
Let a(d) = -20*d + 0 + 24*d - 4 - 3*d - 4. Calculate a(7).
-1
Suppose -w = s - 2, -3*w + 5*s = -32 - 14. Let t(v) = v + 2. Let b be t(6). Let x(u) = 4 + 20*u**3 - 8*u + 1 - 21*u**3 + b*u**2 + 3. Give x(w).
1
Let s(d) = 2*d + 6. Let q be (1 + 43)/(2 + 0). Suppose -6*y - 8 - q = 0. Determine s(y).
-4
Let s(l) = l**2 - 6*l + 7. Suppose 6*o + 439 - 469 = 0. Determine s(o).
2
Suppose -5*z + 16 + 9 = 0. Let v be -2 - (-2 - -3 - z). Let k(a) = -5 + 0 - 3 + a - v. What is k(0)?
-10
Let v(p) = 4*p + 35 + 39 - 76. Determine v(2).
6
Let r(f) = f**2 + 24*f + 26. Let y be r(-23). Suppose -2*p + 6 = 0, -2*g - 3 = 3*g - p. Let c(m) = -4 - m**y + g*m**3 + m - 9 + 7*m**2 + 5. What is c(7)?
-1
Let n(m) be the third derivative of -m**4/8 + m**3/6 - m**2. Let x = -12 + 15. Let f be (-1)/((6/2)/x). Calculate n(f).
4
Let d(w) = w**3 + w - 1. Suppose -2*g = 6, -s + 3*g + 6 = -5. Suppose -102 = 19*b - 26. Let n = s + b. What is d(n)?
-11
Let i(b) = 60 - 129 + 60 + 3*b. Suppose 0 = 3*n + n - 12. Suppose 0*d + n*d - 18 = 0. Calculate i(d).
9
Let l(j) = -j - 10. Let z be (-10)/(-2) + -11 - 12/6. Give l(z).
-2
Let t(l) = -6 - 4*l + 2*l - l + 4. Suppose -2*i = -4*k - 6, -5*k - 101 = 2*i - 80. What is t(i)?
7
Let o(h) be the third derivative of h**8/20160 - h**7/5040 + h**5/15 + h**2. Let g(c) be the third derivative of o(c). What is g(-3)?
12
Let m(w) be the third derivative of 0*w + 0 + 1/120*w**6 + 1/12*w**4 - 1/2*w**3 - 1/15*w**5 + 7*w**2. Give m(4).
5
Let k(o) = o + 1. Let w be k(1). Let v(b) = b**2 - 4*b**w + 1 + 2*b**2 - b. Suppose -f = -2*n - 3 + 10, 4 = 3*f - n. Give v(f).
-11
Let g(f) = -f**3 - 2*f - 1. Suppose 21 + 3 = -4*c - 4*l, 2 = 5*c - 3*l. What is g(c)?
11
Let x(z) = -12*z - 1. Let f = -30 - -16. Let p be (0 - 13)*-6*(-3)/18. Let h = f - p. Calculate x(h).
11
Let u(q) = -871*q - 13*q**3 + 12*q**3 - 7*q**2 + 866*q + 3. What is u(-5)?
-22
Let j(x) = -x**2 - x - 3. Let t = 232 - 229. What is j(t)?
-15
Let c(m) = -5 + 8*m - 9 - 186*m**2 + 2*m**3 + 174*m**2. Let b(l) = -l**3 + 11*l**2 - 8*l + 14. Let n(g) = 3*b(g) + 2*c(g). Calculate n(-10).
-6
Let h(v) = 5*v**2 - v - 1. Suppose -3*w = -2*k + 17, 5*w + 7 = -2*k - 0. Determine h(k).
75
Let w(h) = h**2 + h**3 - 2*h - 4 + 6 + 5 - 2*h + h. Calculate w(0).
7
Let m(v) be the third derivative of v**5/60 + v**4/24 - v**3 - 24*v**2 - 9. Suppose 0*u + 25 = 5*u. Determin